or of 34394 and 116.
58
Calculate the greatest common factor of 37247 and 323.
17
What is the highest common divisor of 161 and 65435?
23
What is the greatest common divisor of 39750 and 15875?
125
Calculate the highest common divisor of 2489175 and 897.
897
Calculate the greatest common factor of 44 and 3982.
22
Calculate the greatest common factor of 353760 and 704.
352
Calculate the highest common factor of 36 and 355932.
36
Calculate the highest common factor of 3528 and 1743.
21
Calculate the highest common factor of 286273 and 1444.
361
Calculate the highest common divisor of 539 and 39053.
49
What is the greatest common divisor of 56225 and 3725?
25
What is the greatest common factor of 156 and 31140?
12
What is the greatest common divisor of 442420 and 140?
20
Calculate the greatest common factor of 553140 and 878.
878
Calculate the highest common divisor of 4110 and 35072.
274
What is the greatest common divisor of 60738 and 2862?
318
Calculate the highest common divisor of 102788 and 98.
14
What is the greatest common factor of 195 and 71604?
39
Calculate the highest common divisor of 196 and 11858.
98
Calculate the highest common factor of 1050 and 18795.
105
Calculate the greatest common divisor of 31548 and 264.
132
Calculate the greatest common factor of 22360 and 200.
40
Calculate the highest common divisor of 1440 and 10480.
80
What is the highest common factor of 7 and 196399?
7
What is the greatest common factor of 5 and 5462?
1
What is the highest common factor of 17742 and 2724?
6
What is the highest common factor of 26550 and 75150?
450
Calculate the highest common divisor of 129450 and 450.
150
What is the greatest common factor of 100 and 19140?
20
What is the greatest common divisor of 516 and 42?
6
Calculate the highest common divisor of 659241 and 99.
99
What is the highest common divisor of 952 and 14518?
238
What is the highest common factor of 7122 and 48?
6
What is the greatest common factor of 6494 and 34646?
34
What is the highest common factor of 124 and 835326?
62
Calculate the highest common factor of 297550 and 100.
50
What is the greatest common factor of 36384 and 3104?
32
What is the greatest common factor of 21646681 and 931?
931
Calculate the greatest common divisor of 35451 and 78.
39
Calculate the greatest common factor of 494727 and 222.
111
Calculate the highest common factor of 689454 and 63.
9
What is the greatest common divisor of 1235445 and 115?
115
Calculate the highest common factor of 1377972 and 3240.
324
Calculate the greatest common factor of 80540 and 580.
20
What is the highest common factor of 4483608 and 2540?
508
What is the greatest common divisor of 439675 and 4300?
1075
Calculate the highest common divisor of 205 and 32185.
205
Calculate the highest common factor of 9 and 6904179.
9
Calculate the greatest common factor of 1711704 and 1168.
584
What is the greatest common factor of 1351 and 10229?
193
What is the greatest common divisor of 22308 and 30849?
39
What is the highest common factor of 442 and 354614?
26
What is the highest common divisor of 72 and 7692?
12
What is the greatest common divisor of 228045 and 1322?
661
What is the highest common factor of 534 and 51442?
178
What is the greatest common factor of 196 and 145264?
28
What is the greatest common divisor of 724 and 22?
2
Calculate the greatest common factor of 555 and 580485.
15
What is the highest common divisor of 2990 and 40?
10
What is the highest common factor of 4110 and 1830?
30
Calculate the highest common divisor of 407549 and 151.
151
Calculate the greatest common divisor of 420 and 164.
4
Calculate the greatest common factor of 23600 and 32096.
944
Calculate the highest common factor of 439774 and 12141.
1349
What is the greatest common factor of 305994 and 114?
6
What is the greatest common factor of 110 and 25630?
110
What is the greatest common factor of 7601 and 308?
11
What is the greatest common factor of 314863 and 28003?
683
Calculate the highest common divisor of 147213 and 198.
99
Calculate the greatest common divisor of 38676 and 5676.
132
What is the greatest common divisor of 33072 and 126352?
848
What is the highest common divisor of 276 and 7852062?
138
What is the greatest common divisor of 3005 and 8645?
5
Calculate the greatest common divisor of 25212 and 8052.
132
What is the greatest common factor of 14 and 40054?
14
Calculate the greatest common factor of 580 and 23896.
116
What is the highest common divisor of 437410 and 527?
527
Calculate the highest common factor of 742 and 4664.
106
Calculate the highest common factor of 56 and 11344.
8
What is the greatest common divisor of 607407 and 483?
69
What is the highest common factor of 340 and 5185?
85
What is the greatest common factor of 5 and 111005?
5
Calculate the highest common factor of 10054 and 418.
22
What is the highest common divisor of 18 and 13463622?
18
Calculate the greatest common factor of 127918 and 196.
14
Calculate the greatest common factor of 144 and 3416.
8
Calculate the highest common factor of 846810 and 165.
15
What is the highest common factor of 80184 and 312?
312
Calculate the highest common divisor of 14 and 401947.
7
Calculate the highest common divisor of 64 and 1176096.
32
Calculate the greatest common factor of 1794 and 590928.
78
Calculate the highest common factor of 45 and 17890.
5
Calculate the greatest common divisor of 247060 and 1980.
220
Calculate the highest common divisor of 13 and 82199.
13
Calculate the highest common factor of 215104 and 2624.
64
Calculate the highest common factor of 49302 and 1672.
22
Calculate the greatest common factor of 61593 and 588.
147
Calculate the greatest common factor of 5363830 and 230.
230
What is the greatest common divisor of 1392 and 341272?
232
What is the highest common factor of 1230 and 6600?
30
Calculate the greatest common factor of 64 and 18448.
16
What is the greatest common divisor of 208 and 177424?
208
Calculate the greatest common factor of 39621 and 8883.
141
Calculate the greatest common divisor of 42602 and 17.
17
Calculate the highest common factor of 5149 and 95.
19
Calculate the highest common divisor of 12327 and 399.
21
Calculate the greatest common factor of 155325 and 6.
3
What is the highest common divisor of 20 and 2022220?
20
What is the highest common factor of 737 and 47399?
11
What is the greatest common divisor of 15 and 5823?
3
What is the greatest common divisor of 60523 and 29?
29
What is the greatest common factor of 875 and 2835?
35
What is the highest common divisor of 8032950 and 300?
150
What is the greatest common factor of 6834570 and 30?
30
What is the greatest common factor of 654 and 295826?
218
What is the greatest common divisor of 85057 and 21?
7
What is the greatest common divisor of 4717 and 6319?
89
What is the greatest common divisor of 6201226 and 34?
34
What is the highest common factor of 507 and 105?
3
Calculate the highest common divisor of 38790 and 5040.
90
Calculate the greatest common divisor of 26 and 19058.
26
What is the greatest common divisor of 414 and 803367?
207
Calculate the highest common factor of 685 and 1600.
5
What is the greatest common factor of 275 and 1199?
11
Calculate the highest common factor of 546508 and 11206.
862
What is the greatest common divisor of 260 and 9820?
20
What is the greatest common factor of 369 and 3177?
9
What is the highest common factor of 1099 and 6280?
157
What is the greatest common divisor of 2494 and 19694?
86
What is the highest common divisor of 3 and 21787?
1
Calculate the greatest common divisor of 20 and 796.
4
What is the greatest common factor of 22340 and 3140?
20
What is the highest common factor of 5294 and 98?
2
Calculate the greatest common factor of 9585 and 675.
135
Calculate the greatest common divisor of 1530508 and 1316.
1316
Calculate the greatest common factor of 50715 and 46.
23
What is the greatest common divisor of 69708 and 58164?
444
Calculate the highest common factor of 5217 and 2109.
111
What is the highest common divisor of 1348 and 276?
4
Calculate the greatest common factor of 378 and 4438.
14
What is the greatest common factor of 6 and 68022?
6
Calculate the highest common divisor of 9660 and 420.
420
Calculate th